+ 461. Let p = n + 485. Calculate j(p).
-9
Let t(j) = j - 4. Suppose 0 = -201*s + 215*s - 112. Give t(s).
4
Let z(q) be the first derivative of 2*q**3/3 + 7*q**2/2 + 5*q - 7. Suppose 2*o = 3*v + 12, 4*v + v - 5*o = -20. What is z(v)?
9
Let s = -10435 + 10430. Let i(k) = -k. Let q(a) = -5*a + 1. Let d(r) = -4*i(r) + q(r). Let m(l) = 2*l - 2. Let b(w) = d(w) + m(w). Calculate b(s).
-6
Let b(a) = 6*a - 240. Suppose -o = 1, -84*o = -2*w - 78*o + 86. Determine b(w).
0
Let y(v) = -v**2 - 5*v + 16. Let k(b) = -2*b**3 + 46*b**2 - 44*b + 5. Let u be k(22). Calculate y(u).
-34
Suppose -9 = -3*z + 243. Let v(y) = -9 - 92*y + 11 + z*y. Let w be (-1)/1 - (3 + -2). Give v(w).
18
Let o(x) be the second derivative of 2*x**3/3 - 21*x**2/2 - 3*x + 13. Determine o(10).
19
Let v(f) = 3*f - 1. Let m(n) = 97*n + 40. Let g be m(-10). Let r = g + 927. Give v(r).
-10
Suppose -22*s = 6*s - 55 + 307. Let r(b) = -b**3 - 10*b**2 - 7*b + 14. What is r(s)?
-4
Let g(u) = -u**3 + 9*u**2 + u - 9. Let v be g(9). Let x(t) = -3404*t - 3396*t + 6801*t - 16. Give x(v).
-16
Suppose 0 = 3*a - 3*b + 39, -5*a - 74 = -21*b + 25*b. Let g(k) = -k**2 - 21*k - 30. Give g(a).
68
Let l(a) = -2*a**2 - 33*a + 38. Let y(u) = u**2 + 46*u + 431. Let c be y(-14). Calculate l(c).
21
Let k(o) = -15*o + 35. Let q(p) = -4*p. Let h(w) = 7*k(w) - 28*q(w). Determine h(-35).
0
Let o(w) be the first derivative of -20*w**3/3 + w - 5. Suppose 0 = h - 4*u - 13, 2*h = u + 2*u + 36. Suppose 15 - h = 6*r. Determine o(r).
-19
Suppose 2*n - 6 = -0*n. Let t(s) = -83010*s + 4*s**2 + 0*s**3 - s**3 + 83007*s. Give t(n).
0
Let i(p) = 5*p + 62. Let c be i(-12). Let y(n) = 253*n**c - 6*n + 2 - 254*n**2 - 7 - 13*n + 3*n. Give y(-16).
-5
Let c(x) = x**2 - 2*x - 60. Let r(m) = -m**3 + 86*m**2 - 326*m - 171. Let z be r(82). Calculate c(z).
3
Let f be (-2)/(-3) - 4/6. Suppose -s + f + 2 = 0. Let p(c) = 6*c + 55. Let z(u) = u + 10. Let w(o) = -2*p(o) + 11*z(o). Determine w(s).
-2
Let k(o) = 2*o**3 - 58 + 5*o - 10*o**3 + 0*o**3 - 10 + 63. What is k(2)?
-59
Let f(r) = 3*r**3 - 4678*r**2 - 2*r + 4681*r**2 - 4*r**3. Suppose 11 = 5*o - 2*u + u, 7 = 2*o - 3*u. What is f(o)?
0
Let a(p) = 2*p + 3. Let g(v) = 8*v - 132. Let q be g(19). Suppose 27*l - q*l - 28 = 0. What is a(l)?
11
Let r(v) = -8*v - 47. Let t be r(-8). Let z(p) = -1 - 3*p**2 + t*p**3 - 13*p**3 + 2*p - 3*p**3. Suppose 0 = 2*i - 10 + 4. Give z(i).
5
Suppose -4*t - 3*h = -19, 8*t + 25 = -2*h + 3*h. Let x(a) = 10*a**3 + a**2 - 2*a - 5. Calculate x(t).
-77
Let n(w) = -w**2 - 20*w - 18. Let m be n(-19). Suppose 0 = -h + t - m, -t - 4*t + 21 = -h. Let d(q) = -q + 1176 - h*q - 2*q**2 - 1178. What is d(-3)?
-5
Suppose 37 = -5*s - i, 4*s = -s - 5*i - 45. Let u(g) = -33*g**2 + 18*g + 27. Let o(p) = -53*p**2 + 27*p + 41. Let z(q) = -5*o(q) + 8*u(q). Give z(s).
-3
Let t = -1589 + 1595. Let w(f) = -f**3 + 7*f**2 + 2*f - 8. What is w(t)?
40
Let s = -41023/8 - -5128. Let w(p) be the third derivative of -s*p**4 - 11*p**2 + 0 + 0*p + 1/2*p**3 - 1/120*p**6 + 1/30*p**5. Determine w(2).
-3
Let o(d) = 4*d - 2*d**2 + 479 + 31*d - 413. Calculate o(19).
9
Let q be -1 - (4 + -1 - 4). Suppose q*a - 2*a - 12 = 0. Let k(b) = -2*b**2 + 6*b - 3*b**2 + 3 - 94*b**3 - 11 + 93*b**3. What is k(a)?
-8
Let h(c) = -4192*c + 96 - 4190*c - 4188*c + 52 + 12608*c. What is h(-4)?
-4
Let v(j) = -j**2 + 63*j - 64. Let s be v(1). Let m(k) = 2*k**2 + 2*k - 3*k**3 + 5*k**3 - k**3 + 4. Calculate m(s).
0
Let b(u) be the second derivative of -13/2*u**2 - 1/2*u**3 + 0 - 8*u. Determine b(-6).
5
Let q(t) = 3*t**3 + 508*t**2 + 172*t + 498. Let v be q(-169). Let k(f) = -2*f + 9. Let p(w) = w + 1. Let j(i) = k(i) + 3*p(i). Give j(v).
3
Suppose o = 2*b - 10 + 48, 5*o + 5*b - 130 = 0. Let z(q) = 5 - o*q - 19*q + 48*q. Determine z(-7).
12
Let s be ((-16)/(-21)*(-9)/(-6))/((-77)/(-1078)). Let b(w) = w**2 - 14*w - 24. Give b(s).
8
Let q(r) = 4*r - 29. Let h(m) = -12*m + 86. Let b(c) = 6*h(c) + 17*q(c). Give b(4).
7
Let d(i) = -2*i**2 - 2*i**2 - 3 + 6*i**2 + 2 + 3*i - 3*i**2. Suppose 2 = -5*x - 23. Let t = 7 + x. Give d(t).
1
Let p(v) = v**2 - 13*v + 6. Let b = 553 - 325. Suppose 0 = j - b + 219. Determine p(j).
-30
Let b(c) be the second derivative of c**5/20 + c**4/2 - 5*c**3/3 - 7*c**2/2 + c. Let w(u) = u**2 - 7*u - 1. Let l be w(6). Determine b(l).
14
Let f(d) = d**2 + 7*d + 5. Suppose 2*h = 4*h - 18. Let g = h - 9. Suppose g = -p - 5, 0 = -5*x + 3*x + p - 11. Give f(x).
13
Let i(r) = r**3 - r**2 - 4*r - 8. Suppose 52*l - 45*l - 33*l = 78. What is i(l)?
-32
Let q(n) = -12*n**2 - 48*n - 97. Let w(i) = -2*i**2 - 8*i - 16. Let o(r) = 3*q(r) - 19*w(r). Determine o(-8).
77
Suppose -14 - 6 = -5*d. Let a = 236 - 242. Let t(l) = l**3 + 1. Let h(z) = 5*z**3 + 3*z**2 - 2*z + 10. Let b(f) = a*t(f) + h(f). Calculate b(d).
-20
Let d = 102 - 98. Suppose 0 = -d*c - 5*u - 9, -c = -5*u + 7 + 14. Let y(i) = 3*i - 5. Let q(p) = 4*p - 6. Let x(t) = 2*q(t) - 3*y(t). Give x(c).
9
Let i(a) = a**3 + 49*a**2 + 8*a + 388. Let q be i(-49). Let n(s) = s - 5. Give n(q).
-9
Let q(w) be the second derivative of w**4/6 - w**3 - 7*w**2/2 - 797*w - 24. Let m = 2 + 3. What is q(m)?
13
Suppose -86 = -5*i - 81. Suppose 0 = -22*a + i + 109. Let q(j) = j**3 - 4*j**2 - 2*j - 5. What is q(a)?
10
Let j(o) = o + 16. Suppose 2*k - 1936 = 4*c, -3*c - 1438 = 16*k - 21*k. Let t = 471 + c. Give j(t).
1
Let y(b) = b**3 + 12*b**2 + 33*b + 7. Let g = -18522 - -18518. What is y(g)?
3
Suppose 0 = -5*k + s + 79, 4*k - k - 4*s - 44 = 0. Let h(o) be the first derivative of k*o + 1/4*o**4 + 11/3*o**3 - 5 - 11/2*o**2. Give h(-12).
4
Let k(o) = -2*o**2 - 7*o - 3. Let i be ((-66)/6 + 21)*(-33)/5. Let b(h) = -4*h - 9. Let p be b(13). Let a = i - p. Determine k(a).
-18
Let v(h) = h**3 - 5*h**2 + 7. Suppose 88*j - 94*j = -6. Let o be ((-2 + j)/(-1))/((-13)/(-65)). Calculate v(o).
7
Let d(o) = -32*o - 61. Let n = -4872 + 4870. Determine d(n).
3
Let q(g) = g**3 + g - 4. Suppose -3*l = 2*i + 237, l = -3*i - 62 - 10. Let r = -78 - l. Determine q(r).
26
Suppose 3*x = -5 - 10. Let k = 86 + -52. Let p(j) = k*j**2 - 68*j**2 + j + 35*j**2. Calculate p(x).
20
Let i(a) = -244*a**2 - 14 + 198*a**2 + 21 + a**3 - 96*a. Calculate i(48).
7
Let b(i) = 4*i - 31. Let j be (-5)/(35/14) + 6. Give b(j).
-15
Let g be (-7)/(14/(-18))*2/6. Suppose -5*y = 2*w - 37, -6*y + y - g*w + 33 = 0. Let q(f) = 3*f - 12. Give q(y).
15
Let l = -52 - -135. Suppose i - l = -84. Let j(h) = h**3 - h. Calculate j(i).
0
Let p(z) = -23*z - 6. Let j = -11571 - -11573. Calculate p(j).
-52
Let y(f) = 1 - 8*f + f - 8*f + 17*f - 6*f. Let j be 4/(-10) - (-67)/5. Suppose 0 = -3*b + b + 10, -j = -3*m - 2*b. Give y(m).
-3
Let t(s) = s**3 + 8*s**2 + 5*s + 2. Suppose 6*k = k - 750. Let n = k - -147. What is t(n)?
32
Suppose -5*t = -2*h - 18, 5*t - 5 = 3*h + 17. Let n(k) = k**3 - k**2. Let w(a) = -2*a**3 + 2. Let p(l) = -n(l) - w(l). What is p(t)?
10
Let r = -23101 - -23101. Let d(t) be the third derivative of -1/3*t**3 + r + 0*t - 21*t**2 + 5/24*t**4 + 1/60*t**5. Calculate d(-5).
-2
Let b(w) be the third derivative of w**5/60 - 5*w**4/24 - 5*w**3/6 - 3*w**2 - 44*w. What is b(5)?
-5
Let b(x) = 4*x**3 + 3*x**2 - 2. Let z = -5748 - -5749. Give b(z).
5
Let c(f) = -14*f + 48. Let l(w) = -128*w + 1283. Let v be l(10). What is c(v)?
6
Let v(a) = -9*a + 11. Let i(k) = -k**2 - 24*k + 341. Let g be i(-34). Determine v(g).
2
Let x be 40/140 - (-206)/14. Suppose -x - 34 = -7*d. Suppose -3*i + d = -20. Let s(k) = k**2 - 8*k - 8. Determine s(i).
1
Let p(t) = -6*t - 107733 + 0*t**2 + 107750 - t**2. What is p(0)?
17
Let m(s) be the second derivative of -2*s**3/3 + s**2 + 6*s. Let h(u) = -7*u + 5. Let w(v) = -3*h(v) + 5*m(v). Let r be 6/9 - 57/(-9). What is w(r)?
2
Let q(w) = w**2 - 10*w + 30. Let f = -2538 - -2541. Determine q(f).
9
Let i(p) = -2*p**2 + 9*p - 2. Let r(o) = -3*o**2 + 9*o - 3. Let y(t) = 4*i(t) - 3*r(t). Let k = -30 + 20. Let h = k + 2. Calculate y(h).
-7
Suppose 5*p + 171*s - 18 = 172*s, -3*p - s + 14 = 0. Let o(i) = -i**3 + 3*i**2 + 10*i - 27. Calculate o(p).
-3
Let c(r) = -1628*r - 1637*r + 4887*r - 1627*r + 53. Calculate c(7).
18
Let n(t) = 8*t - 1. Let y(m) = -3*m - 22. Let v(x) = 3*x + 21. Let g(i) = -6*v(i) - 5*y(i). Let p = -7608 - -7602. Let f be g(p). Give n(f).
15
Let q be (-1305)/290*(-10)/(-45)*3. Let s(n) be the second derivativ